{"id":22,"date":"2022-12-24T10:36:54","date_gmt":"2022-12-24T10:36:54","guid":{"rendered":"https:\/\/rcbsystem.com\/sitewp\/?page_id=22"},"modified":"2022-12-24T10:36:54","modified_gmt":"2022-12-24T10:36:54","slug":"rcbcontabilidade","status":"publish","type":"page","link":"https:\/\/rcbsystem.com.br\/?page_id=22","title":{"rendered":"RCBContabilidade"},"content":{"rendered":"\t\t<div data-elementor-type=\"wp-page\" data-elementor-id=\"22\" class=\"elementor elementor-22\">\n\t\t\t\t\t\t<section class=\"elementor-section elementor-top-section elementor-element elementor-element-1f76e33 elementor-section-boxed elementor-section-height-default elementor-section-height-default\" data-id=\"1f76e33\" data-element_type=\"section\">\n\t\t\t\t\t\t<div class=\"elementor-container elementor-column-gap-default\">\n\t\t\t\t\t<div class=\"elementor-column elementor-col-100 elementor-top-column elementor-element elementor-element-9599d1c\" data-id=\"9599d1c\" data-element_type=\"column\">\n\t\t\t<div class=\"elementor-widget-wrap elementor-element-populated\">\n\t\t\t\t\t\t<div class=\"elementor-element elementor-element-3707ad8 elementor-widget elementor-widget-text-editor\" data-id=\"3707ad8\" data-element_type=\"widget\" data-widget_type=\"text-editor.default\">\n\t\t\t\t<div class=\"elementor-widget-container\">\n\t\t\t\t\t\t\t<p>O RCBContabilidade \u00e9 um Sub-Sistema com m\u00f3dulos de entrada de <span style=\"font-weight: 400;\">notas<\/span>, controles de opera\u00e7\u00f5es e custos.<\/p>\t\t\t\t\t\t<\/div>\n\t\t\t\t<\/div>\n\t\t\t\t\t<\/div>\n\t\t<\/div>\n\t\t\t\t\t<\/div>\n\t\t<\/section>\n\t\t\t\t<section class=\"elementor-section elementor-top-section elementor-element elementor-element-1dd5388 elementor-section-boxed elementor-section-height-default elementor-section-height-default\" data-id=\"1dd5388\" data-element_type=\"section\">\n\t\t\t\t\t\t<div class=\"elementor-container elementor-column-gap-default\">\n\t\t\t\t\t<div class=\"elementor-column elementor-col-100 elementor-top-column elementor-element elementor-element-473fb46\" data-id=\"473fb46\" data-element_type=\"column\">\n\t\t\t<div class=\"elementor-widget-wrap elementor-element-populated\">\n\t\t\t\t\t\t<div class=\"elementor-element elementor-element-4889400 elementor-position-left elementor-vertical-align-top elementor-widget elementor-widget-image-box\" data-id=\"4889400\" data-element_type=\"widget\" data-widget_type=\"image-box.default\">\n\t\t\t\t<div class=\"elementor-widget-container\">\n\t\t\t<div class=\"elementor-image-box-wrapper\"><figure class=\"elementor-image-box-img\"><img decoding=\"async\" width=\"80\" height=\"120\" src=\"https:\/\/rcbsystem.com.br\/wp-content\/uploads\/2022\/12\/pastilha_Entrada_1.png\" class=\"attachment-full size-full wp-image-124\" alt=\"\" \/><\/figure><div class=\"elementor-image-box-content\"><h3 class=\"elementor-image-box-title\">Entrada de Nota<\/h3><p class=\"elementor-image-box-description\">A Entrada de Nota ajuda na alimenta\u00e7\u00e3o do saldo do Almoxarifado. Fa\u00e7a a Gest\u00e3o por Relat\u00f3rios, Dashboards e Dashboards<\/p><\/div><\/div>\t\t<\/div>\n\t\t\t\t<\/div>\n\t\t\t\t<div class=\"elementor-element elementor-element-2fb0d51 elementor-position-right elementor-vertical-align-top elementor-widget elementor-widget-image-box\" data-id=\"2fb0d51\" data-element_type=\"widget\" data-widget_type=\"image-box.default\">\n\t\t\t\t<div class=\"elementor-widget-container\">\n\t\t\t<div class=\"elementor-image-box-wrapper\"><figure class=\"elementor-image-box-img\"><img decoding=\"async\" width=\"50\" height=\"55\" src=\"https:\/\/rcbsystem.com.br\/wp-content\/uploads\/2022\/12\/pastilha_CCusto_1.png\" class=\"attachment-full size-full wp-image-260\" alt=\"\" \/><\/figure><div class=\"elementor-image-box-content\"><h3 class=\"elementor-image-box-title\">Centro de Custo<\/h3><p class=\"elementor-image-box-description\">Crie sua Arquitetura de Centro de Custo. Fa\u00e7a a Gest\u00e3o por Relat\u00f3rios e Dashboards<\/p><\/div><\/div>\t\t<\/div>\n\t\t\t\t<\/div>\n\t\t\t\t<div class=\"elementor-element elementor-element-3c54d3a elementor-position-left elementor-vertical-align-top elementor-widget elementor-widget-image-box\" data-id=\"3c54d3a\" data-element_type=\"widget\" data-widget_type=\"image-box.default\">\n\t\t\t\t<div class=\"elementor-widget-container\">\n\t\t\t<div class=\"elementor-image-box-wrapper\"><figure class=\"elementor-image-box-img\"><img decoding=\"async\" width=\"50\" height=\"55\" src=\"https:\/\/rcbsystem.com.br\/wp-content\/uploads\/2022\/12\/pastilha_Operacao_1.jpg\" class=\"attachment-full size-full wp-image-258\" alt=\"\" \/><\/figure><div class=\"elementor-image-box-content\"><h3 class=\"elementor-image-box-title\">Opera\u00e7\u00f5es<\/h3><p class=\"elementor-image-box-description\">Cadastro de Opera\u00e7\u00f5es que ser\u00e1 ultilizado por outros sub-sistemas como RCBAgricola no controle de Opera\u00e7\u00f5es Agricola. Fa\u00e7a a Gest\u00e3o por Relat\u00f3rios e Dashboards<\/p><\/div><\/div>\t\t<\/div>\n\t\t\t\t<\/div>\n\t\t\t\t<div class=\"elementor-element elementor-element-41dbb36 elementor-position-right elementor-vertical-align-top elementor-widget elementor-widget-image-box\" data-id=\"41dbb36\" data-element_type=\"widget\" data-widget_type=\"image-box.default\">\n\t\t\t\t<div class=\"elementor-widget-container\">\n\t\t\t<div class=\"elementor-image-box-wrapper\"><figure class=\"elementor-image-box-img\"><img loading=\"lazy\" decoding=\"async\" width=\"80\" height=\"120\" src=\"https:\/\/rcbsystem.com.br\/wp-content\/uploads\/2022\/12\/pastilha_Servico_1.jpg\" class=\"attachment-full size-full wp-image-256\" alt=\"\" \/><\/figure><div class=\"elementor-image-box-content\"><h3 class=\"elementor-image-box-title\">Servi\u00e7os<\/h3><p class=\"elementor-image-box-description\">Cadastro de Servi\u00e7os que ser\u00e1 ultilizado por outros sub-sistemas como RCBOficina no controle de Ordem de Servi\u00e7o. Fa\u00e7a a Gest\u00e3o por Relat\u00f3rios e Dashboards<\/p><\/div><\/div>\t\t<\/div>\n\t\t\t\t<\/div>\n\t\t\t\t<div class=\"elementor-element elementor-element-ca8ad59 elementor-position-left elementor-vertical-align-top elementor-widget elementor-widget-image-box\" data-id=\"ca8ad59\" data-element_type=\"widget\" data-widget_type=\"image-box.default\">\n\t\t\t\t<div class=\"elementor-widget-container\">\n\t\t\t<div class=\"elementor-image-box-wrapper\"><figure class=\"elementor-image-box-img\"><img loading=\"lazy\" decoding=\"async\" width=\"80\" height=\"120\" src=\"https:\/\/rcbsystem.com.br\/wp-content\/uploads\/2022\/12\/pastilha_Depreciacao_1.jpg\" class=\"attachment-full size-full wp-image-255\" alt=\"\" \/><\/figure><div class=\"elementor-image-box-content\"><h3 class=\"elementor-image-box-title\">Deprecia\u00e7\u00e3o<\/h3><p class=\"elementor-image-box-description\">Controle de Deprecia\u00e7\u00e3o de Equipamentos Automotivo e Invent\u00e1rios. Fa\u00e7a a Gest\u00e3o por Relat\u00f3rios e Dashboards<\/p><\/div><\/div>\t\t<\/div>\n\t\t\t\t<\/div>\n\t\t\t\t\t<\/div>\n\t\t<\/div>\n\t\t\t\t\t<\/div>\n\t\t<\/section>\n\t\t\t\t<\/div>\n\t\t","protected":false},"excerpt":{"rendered":"<p>O RCBContabilidade \u00e9 um Sub-Sistema com m\u00f3dulos de entrada de notas, controles de opera\u00e7\u00f5es e custos. Entrada de Nota A Entrada de Nota ajuda na alimenta\u00e7\u00e3o do saldo do Almoxarifado. Fa\u00e7a a Gest\u00e3o por Relat\u00f3rios, Dashboards e Dashboards Centro de Custo Crie sua Arquitetura de Centro de Custo. Fa\u00e7a a Gest\u00e3o por Relat\u00f3rios e Dashboards Opera\u00e7\u00f5es Cadastro de Opera\u00e7\u00f5es que ser\u00e1 ultilizado por outros sub-sistemas como RCBAgricola no controle de Opera\u00e7\u00f5es Agricola. Fa\u00e7a a Gest\u00e3o por Relat\u00f3rios e Dashboards Servi\u00e7os Cadastro de Servi\u00e7os que ser\u00e1 ultilizado por outros sub-sistemas como RCBOficina no controle de Ordem de Servi\u00e7o. Fa\u00e7a a Gest\u00e3o por Relat\u00f3rios e Dashboards Deprecia\u00e7\u00e3o Controle de Deprecia\u00e7\u00e3o de Equipamentos Automotivo e Invent\u00e1rios. Fa\u00e7a a Gest\u00e3o por Relat\u00f3rios e Dashboards<\/p>\n","protected":false},"author":1,"featured_media":0,"parent":0,"menu_order":0,"comment_status":"closed","ping_status":"closed","template":"","meta":{"_eb_attr":"","footnotes":""},"class_list":["post-22","page","type-page","status-publish","hentry"],"_links":{"self":[{"href":"https:\/\/rcbsystem.com.br\/index.php?rest_route=\/wp\/v2\/pages\/22","targetHints":{"allow":["GET"]}}],"collection":[{"href":"https:\/\/rcbsystem.com.br\/index.php?rest_route=\/wp\/v2\/pages"}],"about":[{"href":"https:\/\/rcbsystem.com.br\/index.php?rest_route=\/wp\/v2\/types\/page"}],"author":[{"embeddable":true,"href":"https:\/\/rcbsystem.com.br\/index.php?rest_route=\/wp\/v2\/users\/1"}],"replies":[{"embeddable":true,"href":"https:\/\/rcbsystem.com.br\/index.php?rest_route=%2Fwp%2Fv2%2Fcomments&post=22"}],"version-history":[{"count":0,"href":"https:\/\/rcbsystem.com.br\/index.php?rest_route=\/wp\/v2\/pages\/22\/revisions"}],"wp:attachment":[{"href":"https:\/\/rcbsystem.com.br\/index.php?rest_route=%2Fwp%2Fv2%2Fmedia&parent=22"}],"curies":[{"name":"wp","href":"https:\/\/api.w.org\/{rel}","templated":true}]}}